{"id":84,"date":"2021-03-15T12:12:04","date_gmt":"2021-03-15T12:12:04","guid":{"rendered":"https:\/\/catedraldelvi.com\/reserves\/?post_type=product&#038;p=84"},"modified":"2026-04-05T10:38:50","modified_gmt":"2026-04-05T09:38:50","slug":"visita-guiada-degustacio","status":"publish","type":"product","link":"https:\/\/catedraldelvi.com\/reserves\/reserva\/visita-guiada-degustacio\/","title":{"rendered":"Visita guiada + Degustaci\u00f3"},"content":{"rendered":"<p><strong>Informacio<\/strong><br \/>\n<strong>Visita guiada general inclou: tast de dos vins i un oli.<\/strong><br \/>\nAdults: 17 \u20ac<br \/>\nMenors: 7,50 \u20ac<br \/>\nDuraci\u00f3: 1h 30min<br \/>\n<strong><br \/>\nVisita guiada Deluxe inclou:<\/strong>\u00a0<strong>tast de quatre vins, un oli i un aperitiu.<\/strong><br \/>\nAdults: 22\u20ac<br \/>\nMenors: 7,50\u20ac<br \/>\nDuraci\u00f3: 1h 45min<\/p>\n","protected":false},"excerpt":{"rendered":"<p><strong>Informaci\u00f3<\/strong><\/p>\n<p>Visita guiada b\u00e0sica<\/p>\n<ul>\n<li>Tast de dos vins i un oli<\/li>\n<li>Duraci\u00f3: 1h 30min<\/li>\n<\/ul>\n<p>&nbsp;<\/p>\n<p>&nbsp;<\/p>\n<p><strong>Si has triat Deluxe, la teva visita inclou:<\/strong><\/p>\n<ul>\n<li>Tast de quatre vins, un oli i un aperitiu<\/li>\n<li>Duraci\u00f3: 1h 45min<\/li>\n<\/ul>\n","protected":false},"featured_media":415,"template":"","meta":[],"product_brand":[],"product_cat":[73],"product_tag":[],"class_list":{"0":"post-84","1":"product","2":"type-product","3":"status-publish","4":"has-post-thumbnail","6":"product_cat-visita-guiada","7":"yith_booking_service-1200-catala","8":"yith_booking_service-13-30h-catala","9":"yith_booking_service-17-00h-castella","10":"yith_booking_service-cata-dolis-verge-extra-monovarietals","12":"first","13":"instock","14":"virtual","15":"sold-individually","16":"purchasable","17":"product-type-booking"},"yoast_head":"<!-- This site is optimized with the Yoast SEO plugin v27.3 - https:\/\/yoast.com\/product\/yoast-seo-wordpress\/ -->\n<title>Visita guiada + Degustaci\u00f3 - Catedral del Vi - Pagos de H\u00edbera<\/title>\n<meta name=\"robots\" content=\"index, follow, max-snippet:-1, max-image-preview:large, max-video-preview:-1\" \/>\n<link rel=\"canonical\" href=\"https:\/\/catedraldelvi.com\/reserves\/reserva\/visita-guiada-degustacio\/\" \/>\n<meta property=\"og:locale\" content=\"ca_ES\" \/>\n<meta property=\"og:type\" content=\"article\" \/>\n<meta property=\"og:title\" content=\"Visita guiada + Degustaci\u00f3 - Catedral del Vi - Pagos de H\u00edbera\" \/>\n<meta property=\"og:description\" content=\"Informaci\u00f3  Visita guiada b\u00e0sica   Tast de dos vins i un oli  Duraci\u00f3: 1h 30min  &nbsp;  &nbsp;  Si has triat Deluxe, la teva visita inclou:   Tast de quatre vins, un oli i un aperitiu  Duraci\u00f3: 1h 45min\" \/>\n<meta property=\"og:url\" content=\"https:\/\/catedraldelvi.com\/reserves\/reserva\/visita-guiada-degustacio\/\" \/>\n<meta property=\"og:site_name\" content=\"Catedral del Vi - Pagos de H\u00edbera\" \/>\n<meta property=\"article:modified_time\" content=\"2026-04-05T09:38:50+00:00\" \/>\n<meta name=\"twitter:card\" content=\"summary_large_image\" \/>\n<meta name=\"twitter:label1\" content=\"Temps estimat de lectura\" \/>\n\t<meta name=\"twitter:data1\" content=\"1 minut\" \/>\n<script type=\"application\/ld+json\" class=\"yoast-schema-graph\">{\"@context\":\"https:\\\/\\\/schema.org\",\"@graph\":[{\"@type\":\"WebPage\",\"@id\":\"https:\\\/\\\/catedraldelvi.com\\\/reserves\\\/reserva\\\/visita-guiada-degustacio\\\/\",\"url\":\"https:\\\/\\\/catedraldelvi.com\\\/reserves\\\/reserva\\\/visita-guiada-degustacio\\\/\",\"name\":\"Visita guiada + Degustaci\u00f3 - Catedral del Vi - Pagos de H\u00edbera\",\"isPartOf\":{\"@id\":\"https:\\\/\\\/catedraldelvi.com\\\/reserves\\\/#website\"},\"primaryImageOfPage\":{\"@id\":\"https:\\\/\\\/catedraldelvi.com\\\/reserves\\\/reserva\\\/visita-guiada-degustacio\\\/#primaryimage\"},\"image\":{\"@id\":\"https:\\\/\\\/catedraldelvi.com\\\/reserves\\\/reserva\\\/visita-guiada-degustacio\\\/#primaryimage\"},\"thumbnailUrl\":\"https:\\\/\\\/catedraldelvi.com\\\/reserves\\\/wp-content\\\/uploads\\\/2021\\\/03\\\/catedral-del-vi-visita-guiada.svg\",\"datePublished\":\"2021-03-15T12:12:04+00:00\",\"dateModified\":\"2026-04-05T09:38:50+00:00\",\"breadcrumb\":{\"@id\":\"https:\\\/\\\/catedraldelvi.com\\\/reserves\\\/reserva\\\/visita-guiada-degustacio\\\/#breadcrumb\"},\"inLanguage\":\"ca\",\"potentialAction\":[{\"@type\":\"ReadAction\",\"target\":[\"https:\\\/\\\/catedraldelvi.com\\\/reserves\\\/reserva\\\/visita-guiada-degustacio\\\/\"]}]},{\"@type\":\"ImageObject\",\"inLanguage\":\"ca\",\"@id\":\"https:\\\/\\\/catedraldelvi.com\\\/reserves\\\/reserva\\\/visita-guiada-degustacio\\\/#primaryimage\",\"url\":\"https:\\\/\\\/catedraldelvi.com\\\/reserves\\\/wp-content\\\/uploads\\\/2021\\\/03\\\/catedral-del-vi-visita-guiada.svg\",\"contentUrl\":\"https:\\\/\\\/catedraldelvi.com\\\/reserves\\\/wp-content\\\/uploads\\\/2021\\\/03\\\/catedral-del-vi-visita-guiada.svg\",\"width\":196,\"height\":197},{\"@type\":\"BreadcrumbList\",\"@id\":\"https:\\\/\\\/catedraldelvi.com\\\/reserves\\\/reserva\\\/visita-guiada-degustacio\\\/#breadcrumb\",\"itemListElement\":[{\"@type\":\"ListItem\",\"position\":1,\"name\":\"Portada\",\"item\":\"https:\\\/\\\/catedraldelvi.com\\\/reserves\\\/\"},{\"@type\":\"ListItem\",\"position\":2,\"name\":\"Botiga\",\"item\":\"https:\\\/\\\/catedraldelvi.com\\\/reserves\\\/botiga\\\/\"},{\"@type\":\"ListItem\",\"position\":3,\"name\":\"Visita guiada + Degustaci\u00f3\"}]},{\"@type\":\"WebSite\",\"@id\":\"https:\\\/\\\/catedraldelvi.com\\\/reserves\\\/#website\",\"url\":\"https:\\\/\\\/catedraldelvi.com\\\/reserves\\\/\",\"name\":\"Catedral del Vi - Pagos de H\u00edbera\",\"description\":\"Catedral del Vi - Pagos de H\u00edbera is the modernist winery of Villa Retiro Grup\",\"publisher\":{\"@id\":\"https:\\\/\\\/catedraldelvi.com\\\/reserves\\\/#organization\"},\"potentialAction\":[{\"@type\":\"SearchAction\",\"target\":{\"@type\":\"EntryPoint\",\"urlTemplate\":\"https:\\\/\\\/catedraldelvi.com\\\/reserves\\\/?s={search_term_string}\"},\"query-input\":{\"@type\":\"PropertyValueSpecification\",\"valueRequired\":true,\"valueName\":\"search_term_string\"}}],\"inLanguage\":\"ca\"},{\"@type\":\"Organization\",\"@id\":\"https:\\\/\\\/catedraldelvi.com\\\/reserves\\\/#organization\",\"name\":\"Catedral del Vi - Pagos de H\u00edbera\",\"url\":\"https:\\\/\\\/catedraldelvi.com\\\/reserves\\\/\",\"logo\":{\"@type\":\"ImageObject\",\"inLanguage\":\"ca\",\"@id\":\"https:\\\/\\\/catedraldelvi.com\\\/reserves\\\/#\\\/schema\\\/logo\\\/image\\\/\",\"url\":\"https:\\\/\\\/catedraldelvi.com\\\/reserves\\\/wp-content\\\/uploads\\\/2025\\\/11\\\/pagos-de-hibera-catedral-del-vi-logo-2.svg\",\"contentUrl\":\"https:\\\/\\\/catedraldelvi.com\\\/reserves\\\/wp-content\\\/uploads\\\/2025\\\/11\\\/pagos-de-hibera-catedral-del-vi-logo-2.svg\",\"caption\":\"Catedral del Vi - Pagos de H\u00edbera\"},\"image\":{\"@id\":\"https:\\\/\\\/catedraldelvi.com\\\/reserves\\\/#\\\/schema\\\/logo\\\/image\\\/\"}}]}<\/script>\n<!-- \/ Yoast SEO plugin. -->","yoast_head_json":{"title":"Visita guiada + Degustaci\u00f3 - Catedral del Vi - Pagos de H\u00edbera","robots":{"index":"index","follow":"follow","max-snippet":"max-snippet:-1","max-image-preview":"max-image-preview:large","max-video-preview":"max-video-preview:-1"},"canonical":"https:\/\/catedraldelvi.com\/reserves\/reserva\/visita-guiada-degustacio\/","og_locale":"ca_ES","og_type":"article","og_title":"Visita guiada + Degustaci\u00f3 - Catedral del Vi - Pagos de H\u00edbera","og_description":"Informaci\u00f3  Visita guiada b\u00e0sica   Tast de dos vins i un oli  Duraci\u00f3: 1h 30min  &nbsp;  &nbsp;  Si has triat Deluxe, la teva visita inclou:   Tast de quatre vins, un oli i un aperitiu  Duraci\u00f3: 1h 45min","og_url":"https:\/\/catedraldelvi.com\/reserves\/reserva\/visita-guiada-degustacio\/","og_site_name":"Catedral del Vi - Pagos de H\u00edbera","article_modified_time":"2026-04-05T09:38:50+00:00","twitter_card":"summary_large_image","twitter_misc":{"Temps estimat de lectura":"1 minut"},"schema":{"@context":"https:\/\/schema.org","@graph":[{"@type":"WebPage","@id":"https:\/\/catedraldelvi.com\/reserves\/reserva\/visita-guiada-degustacio\/","url":"https:\/\/catedraldelvi.com\/reserves\/reserva\/visita-guiada-degustacio\/","name":"Visita guiada + Degustaci\u00f3 - Catedral del Vi - Pagos de H\u00edbera","isPartOf":{"@id":"https:\/\/catedraldelvi.com\/reserves\/#website"},"primaryImageOfPage":{"@id":"https:\/\/catedraldelvi.com\/reserves\/reserva\/visita-guiada-degustacio\/#primaryimage"},"image":{"@id":"https:\/\/catedraldelvi.com\/reserves\/reserva\/visita-guiada-degustacio\/#primaryimage"},"thumbnailUrl":"https:\/\/catedraldelvi.com\/reserves\/wp-content\/uploads\/2021\/03\/catedral-del-vi-visita-guiada.svg","datePublished":"2021-03-15T12:12:04+00:00","dateModified":"2026-04-05T09:38:50+00:00","breadcrumb":{"@id":"https:\/\/catedraldelvi.com\/reserves\/reserva\/visita-guiada-degustacio\/#breadcrumb"},"inLanguage":"ca","potentialAction":[{"@type":"ReadAction","target":["https:\/\/catedraldelvi.com\/reserves\/reserva\/visita-guiada-degustacio\/"]}]},{"@type":"ImageObject","inLanguage":"ca","@id":"https:\/\/catedraldelvi.com\/reserves\/reserva\/visita-guiada-degustacio\/#primaryimage","url":"https:\/\/catedraldelvi.com\/reserves\/wp-content\/uploads\/2021\/03\/catedral-del-vi-visita-guiada.svg","contentUrl":"https:\/\/catedraldelvi.com\/reserves\/wp-content\/uploads\/2021\/03\/catedral-del-vi-visita-guiada.svg","width":196,"height":197},{"@type":"BreadcrumbList","@id":"https:\/\/catedraldelvi.com\/reserves\/reserva\/visita-guiada-degustacio\/#breadcrumb","itemListElement":[{"@type":"ListItem","position":1,"name":"Portada","item":"https:\/\/catedraldelvi.com\/reserves\/"},{"@type":"ListItem","position":2,"name":"Botiga","item":"https:\/\/catedraldelvi.com\/reserves\/botiga\/"},{"@type":"ListItem","position":3,"name":"Visita guiada + Degustaci\u00f3"}]},{"@type":"WebSite","@id":"https:\/\/catedraldelvi.com\/reserves\/#website","url":"https:\/\/catedraldelvi.com\/reserves\/","name":"Catedral del Vi - Pagos de H\u00edbera","description":"Catedral del Vi - Pagos de H\u00edbera is the modernist winery of Villa Retiro Grup","publisher":{"@id":"https:\/\/catedraldelvi.com\/reserves\/#organization"},"potentialAction":[{"@type":"SearchAction","target":{"@type":"EntryPoint","urlTemplate":"https:\/\/catedraldelvi.com\/reserves\/?s={search_term_string}"},"query-input":{"@type":"PropertyValueSpecification","valueRequired":true,"valueName":"search_term_string"}}],"inLanguage":"ca"},{"@type":"Organization","@id":"https:\/\/catedraldelvi.com\/reserves\/#organization","name":"Catedral del Vi - Pagos de H\u00edbera","url":"https:\/\/catedraldelvi.com\/reserves\/","logo":{"@type":"ImageObject","inLanguage":"ca","@id":"https:\/\/catedraldelvi.com\/reserves\/#\/schema\/logo\/image\/","url":"https:\/\/catedraldelvi.com\/reserves\/wp-content\/uploads\/2025\/11\/pagos-de-hibera-catedral-del-vi-logo-2.svg","contentUrl":"https:\/\/catedraldelvi.com\/reserves\/wp-content\/uploads\/2025\/11\/pagos-de-hibera-catedral-del-vi-logo-2.svg","caption":"Catedral del Vi - Pagos de H\u00edbera"},"image":{"@id":"https:\/\/catedraldelvi.com\/reserves\/#\/schema\/logo\/image\/"}}]}},"_links":{"self":[{"href":"https:\/\/catedraldelvi.com\/reserves\/wp-json\/wp\/v2\/product\/84","targetHints":{"allow":["GET"]}}],"collection":[{"href":"https:\/\/catedraldelvi.com\/reserves\/wp-json\/wp\/v2\/product"}],"about":[{"href":"https:\/\/catedraldelvi.com\/reserves\/wp-json\/wp\/v2\/types\/product"}],"version-history":[{"count":4,"href":"https:\/\/catedraldelvi.com\/reserves\/wp-json\/wp\/v2\/product\/84\/revisions"}],"predecessor-version":[{"id":16710,"href":"https:\/\/catedraldelvi.com\/reserves\/wp-json\/wp\/v2\/product\/84\/revisions\/16710"}],"wp:featuredmedia":[{"embeddable":true,"href":"https:\/\/catedraldelvi.com\/reserves\/wp-json\/wp\/v2\/media\/415"}],"wp:attachment":[{"href":"https:\/\/catedraldelvi.com\/reserves\/wp-json\/wp\/v2\/media?parent=84"}],"wp:term":[{"taxonomy":"product_brand","embeddable":true,"href":"https:\/\/catedraldelvi.com\/reserves\/wp-json\/wp\/v2\/product_brand?post=84"},{"taxonomy":"product_cat","embeddable":true,"href":"https:\/\/catedraldelvi.com\/reserves\/wp-json\/wp\/v2\/product_cat?post=84"},{"taxonomy":"product_tag","embeddable":true,"href":"https:\/\/catedraldelvi.com\/reserves\/wp-json\/wp\/v2\/product_tag?post=84"}],"curies":[{"name":"wp","href":"https:\/\/api.w.org\/{rel}","templated":true}]}}