{"id":77,"date":"2021-03-15T11:19:51","date_gmt":"2021-03-15T11:19:51","guid":{"rendered":"https:\/\/catedraldelvi.com\/reserves\/?post_type=product&#038;p=77"},"modified":"2026-04-05T10:36:35","modified_gmt":"2026-04-05T09:36:35","slug":"visites-lliures","status":"publish","type":"product","link":"https:\/\/catedraldelvi.com\/reserves\/reserva\/visites-lliures\/","title":{"rendered":"Visites lliures"},"content":{"rendered":"","protected":false},"excerpt":{"rendered":"<p><strong>Informaci\u00f3<\/strong><\/p>\n<p>Visita guiada b\u00e0sica<\/p>\n<ul>\n<li>Tast de dos vins i un oli<\/li>\n<li>Duraci\u00f3: 30 min<\/li>\n<\/ul>\n<p>&nbsp;<\/p>\n<p><\/br><\/br><\/br><\/br><\/br><\/p>\n<p><strong>****Si has triat Deluxe, la teva visita inclou:<\/strong><\/p>\n<ul>\n<li>Tast de quatre vins, un oli i un aperitiu<\/li>\n<li>Duraci\u00f3: 45 min<\/li>\n<\/ul>\n","protected":false},"featured_media":79,"template":"","meta":[],"product_brand":[],"product_cat":[34],"product_tag":[],"class_list":{"0":"post-77","1":"product","2":"type-product","3":"status-publish","4":"has-post-thumbnail","6":"product_cat-visites-lliures","7":"yith_booking_service-cata-dolis-verge-extra-monovarietals","9":"first","10":"instock","11":"virtual","12":"sold-individually","13":"purchasable","14":"product-type-booking"},"yoast_head":"<!-- This site is optimized with the Yoast SEO plugin v27.3 - https:\/\/yoast.com\/product\/yoast-seo-wordpress\/ -->\n<title>Visites lliures - Catedral del Vi - Pagos de H\u00edbera<\/title>\n<meta name=\"robots\" content=\"index, follow, max-snippet:-1, max-image-preview:large, max-video-preview:-1\" \/>\n<link rel=\"canonical\" href=\"https:\/\/catedraldelvi.com\/reserves\/reserva\/visites-lliures\/\" \/>\n<meta property=\"og:locale\" content=\"ca_ES\" \/>\n<meta property=\"og:type\" content=\"article\" \/>\n<meta property=\"og:title\" content=\"Visites lliures - Catedral del Vi - Pagos de H\u00edbera\" \/>\n<meta property=\"og:description\" content=\"Informaci\u00f3  Visita guiada b\u00e0sica   Tast de dos vins i un oli  Duraci\u00f3: 30 min  &nbsp;    ****Si has triat Deluxe, la teva visita inclou:   Tast de quatre vins, un oli i un aperitiu  Duraci\u00f3: 45 min\" \/>\n<meta property=\"og:url\" content=\"https:\/\/catedraldelvi.com\/reserves\/reserva\/visites-lliures\/\" \/>\n<meta property=\"og:site_name\" content=\"Catedral del Vi - Pagos de H\u00edbera\" \/>\n<meta property=\"article:modified_time\" content=\"2026-04-05T09:36:35+00:00\" \/>\n<meta name=\"twitter:card\" content=\"summary_large_image\" \/>\n<meta name=\"twitter:label1\" content=\"Temps estimat de lectura\" \/>\n\t<meta name=\"twitter:data1\" content=\"1 minut\" \/>\n<script type=\"application\/ld+json\" class=\"yoast-schema-graph\">{\"@context\":\"https:\\\/\\\/schema.org\",\"@graph\":[{\"@type\":\"WebPage\",\"@id\":\"https:\\\/\\\/catedraldelvi.com\\\/reserves\\\/reserva\\\/visites-lliures\\\/\",\"url\":\"https:\\\/\\\/catedraldelvi.com\\\/reserves\\\/reserva\\\/visites-lliures\\\/\",\"name\":\"Visites lliures - Catedral del Vi - Pagos de H\u00edbera\",\"isPartOf\":{\"@id\":\"https:\\\/\\\/catedraldelvi.com\\\/reserves\\\/#website\"},\"primaryImageOfPage\":{\"@id\":\"https:\\\/\\\/catedraldelvi.com\\\/reserves\\\/reserva\\\/visites-lliures\\\/#primaryimage\"},\"image\":{\"@id\":\"https:\\\/\\\/catedraldelvi.com\\\/reserves\\\/reserva\\\/visites-lliures\\\/#primaryimage\"},\"thumbnailUrl\":\"https:\\\/\\\/catedraldelvi.com\\\/reserves\\\/wp-content\\\/uploads\\\/2021\\\/03\\\/catedral-del-vi-visita-lliure.svg\",\"datePublished\":\"2021-03-15T11:19:51+00:00\",\"dateModified\":\"2026-04-05T09:36:35+00:00\",\"breadcrumb\":{\"@id\":\"https:\\\/\\\/catedraldelvi.com\\\/reserves\\\/reserva\\\/visites-lliures\\\/#breadcrumb\"},\"inLanguage\":\"ca\",\"potentialAction\":[{\"@type\":\"ReadAction\",\"target\":[\"https:\\\/\\\/catedraldelvi.com\\\/reserves\\\/reserva\\\/visites-lliures\\\/\"]}]},{\"@type\":\"ImageObject\",\"inLanguage\":\"ca\",\"@id\":\"https:\\\/\\\/catedraldelvi.com\\\/reserves\\\/reserva\\\/visites-lliures\\\/#primaryimage\",\"url\":\"https:\\\/\\\/catedraldelvi.com\\\/reserves\\\/wp-content\\\/uploads\\\/2021\\\/03\\\/catedral-del-vi-visita-lliure.svg\",\"contentUrl\":\"https:\\\/\\\/catedraldelvi.com\\\/reserves\\\/wp-content\\\/uploads\\\/2021\\\/03\\\/catedral-del-vi-visita-lliure.svg\",\"width\":196,\"height\":197},{\"@type\":\"BreadcrumbList\",\"@id\":\"https:\\\/\\\/catedraldelvi.com\\\/reserves\\\/reserva\\\/visites-lliures\\\/#breadcrumb\",\"itemListElement\":[{\"@type\":\"ListItem\",\"position\":1,\"name\":\"Portada\",\"item\":\"https:\\\/\\\/catedraldelvi.com\\\/reserves\\\/\"},{\"@type\":\"ListItem\",\"position\":2,\"name\":\"Botiga\",\"item\":\"https:\\\/\\\/catedraldelvi.com\\\/reserves\\\/botiga\\\/\"},{\"@type\":\"ListItem\",\"position\":3,\"name\":\"Visites lliures\"}]},{\"@type\":\"WebSite\",\"@id\":\"https:\\\/\\\/catedraldelvi.com\\\/reserves\\\/#website\",\"url\":\"https:\\\/\\\/catedraldelvi.com\\\/reserves\\\/\",\"name\":\"Catedral del Vi - Pagos de H\u00edbera\",\"description\":\"Catedral del Vi - Pagos de H\u00edbera is the modernist winery of Villa Retiro Grup\",\"publisher\":{\"@id\":\"https:\\\/\\\/catedraldelvi.com\\\/reserves\\\/#organization\"},\"potentialAction\":[{\"@type\":\"SearchAction\",\"target\":{\"@type\":\"EntryPoint\",\"urlTemplate\":\"https:\\\/\\\/catedraldelvi.com\\\/reserves\\\/?s={search_term_string}\"},\"query-input\":{\"@type\":\"PropertyValueSpecification\",\"valueRequired\":true,\"valueName\":\"search_term_string\"}}],\"inLanguage\":\"ca\"},{\"@type\":\"Organization\",\"@id\":\"https:\\\/\\\/catedraldelvi.com\\\/reserves\\\/#organization\",\"name\":\"Catedral del Vi - Pagos de H\u00edbera\",\"url\":\"https:\\\/\\\/catedraldelvi.com\\\/reserves\\\/\",\"logo\":{\"@type\":\"ImageObject\",\"inLanguage\":\"ca\",\"@id\":\"https:\\\/\\\/catedraldelvi.com\\\/reserves\\\/#\\\/schema\\\/logo\\\/image\\\/\",\"url\":\"https:\\\/\\\/catedraldelvi.com\\\/reserves\\\/wp-content\\\/uploads\\\/2025\\\/11\\\/pagos-de-hibera-catedral-del-vi-logo-2.svg\",\"contentUrl\":\"https:\\\/\\\/catedraldelvi.com\\\/reserves\\\/wp-content\\\/uploads\\\/2025\\\/11\\\/pagos-de-hibera-catedral-del-vi-logo-2.svg\",\"caption\":\"Catedral del Vi - Pagos de H\u00edbera\"},\"image\":{\"@id\":\"https:\\\/\\\/catedraldelvi.com\\\/reserves\\\/#\\\/schema\\\/logo\\\/image\\\/\"}}]}<\/script>\n<!-- \/ Yoast SEO plugin. -->","yoast_head_json":{"title":"Visites lliures - Catedral del Vi - Pagos de H\u00edbera","robots":{"index":"index","follow":"follow","max-snippet":"max-snippet:-1","max-image-preview":"max-image-preview:large","max-video-preview":"max-video-preview:-1"},"canonical":"https:\/\/catedraldelvi.com\/reserves\/reserva\/visites-lliures\/","og_locale":"ca_ES","og_type":"article","og_title":"Visites lliures - Catedral del Vi - Pagos de H\u00edbera","og_description":"Informaci\u00f3  Visita guiada b\u00e0sica   Tast de dos vins i un oli  Duraci\u00f3: 30 min  &nbsp;    ****Si has triat Deluxe, la teva visita inclou:   Tast de quatre vins, un oli i un aperitiu  Duraci\u00f3: 45 min","og_url":"https:\/\/catedraldelvi.com\/reserves\/reserva\/visites-lliures\/","og_site_name":"Catedral del Vi - Pagos de H\u00edbera","article_modified_time":"2026-04-05T09:36:35+00:00","twitter_card":"summary_large_image","twitter_misc":{"Temps estimat de lectura":"1 minut"},"schema":{"@context":"https:\/\/schema.org","@graph":[{"@type":"WebPage","@id":"https:\/\/catedraldelvi.com\/reserves\/reserva\/visites-lliures\/","url":"https:\/\/catedraldelvi.com\/reserves\/reserva\/visites-lliures\/","name":"Visites lliures - Catedral del Vi - Pagos de H\u00edbera","isPartOf":{"@id":"https:\/\/catedraldelvi.com\/reserves\/#website"},"primaryImageOfPage":{"@id":"https:\/\/catedraldelvi.com\/reserves\/reserva\/visites-lliures\/#primaryimage"},"image":{"@id":"https:\/\/catedraldelvi.com\/reserves\/reserva\/visites-lliures\/#primaryimage"},"thumbnailUrl":"https:\/\/catedraldelvi.com\/reserves\/wp-content\/uploads\/2021\/03\/catedral-del-vi-visita-lliure.svg","datePublished":"2021-03-15T11:19:51+00:00","dateModified":"2026-04-05T09:36:35+00:00","breadcrumb":{"@id":"https:\/\/catedraldelvi.com\/reserves\/reserva\/visites-lliures\/#breadcrumb"},"inLanguage":"ca","potentialAction":[{"@type":"ReadAction","target":["https:\/\/catedraldelvi.com\/reserves\/reserva\/visites-lliures\/"]}]},{"@type":"ImageObject","inLanguage":"ca","@id":"https:\/\/catedraldelvi.com\/reserves\/reserva\/visites-lliures\/#primaryimage","url":"https:\/\/catedraldelvi.com\/reserves\/wp-content\/uploads\/2021\/03\/catedral-del-vi-visita-lliure.svg","contentUrl":"https:\/\/catedraldelvi.com\/reserves\/wp-content\/uploads\/2021\/03\/catedral-del-vi-visita-lliure.svg","width":196,"height":197},{"@type":"BreadcrumbList","@id":"https:\/\/catedraldelvi.com\/reserves\/reserva\/visites-lliures\/#breadcrumb","itemListElement":[{"@type":"ListItem","position":1,"name":"Portada","item":"https:\/\/catedraldelvi.com\/reserves\/"},{"@type":"ListItem","position":2,"name":"Botiga","item":"https:\/\/catedraldelvi.com\/reserves\/botiga\/"},{"@type":"ListItem","position":3,"name":"Visites lliures"}]},{"@type":"WebSite","@id":"https:\/\/catedraldelvi.com\/reserves\/#website","url":"https:\/\/catedraldelvi.com\/reserves\/","name":"Catedral del Vi - Pagos de H\u00edbera","description":"Catedral del Vi - Pagos de H\u00edbera is the modernist winery of Villa Retiro Grup","publisher":{"@id":"https:\/\/catedraldelvi.com\/reserves\/#organization"},"potentialAction":[{"@type":"SearchAction","target":{"@type":"EntryPoint","urlTemplate":"https:\/\/catedraldelvi.com\/reserves\/?s={search_term_string}"},"query-input":{"@type":"PropertyValueSpecification","valueRequired":true,"valueName":"search_term_string"}}],"inLanguage":"ca"},{"@type":"Organization","@id":"https:\/\/catedraldelvi.com\/reserves\/#organization","name":"Catedral del Vi - Pagos de H\u00edbera","url":"https:\/\/catedraldelvi.com\/reserves\/","logo":{"@type":"ImageObject","inLanguage":"ca","@id":"https:\/\/catedraldelvi.com\/reserves\/#\/schema\/logo\/image\/","url":"https:\/\/catedraldelvi.com\/reserves\/wp-content\/uploads\/2025\/11\/pagos-de-hibera-catedral-del-vi-logo-2.svg","contentUrl":"https:\/\/catedraldelvi.com\/reserves\/wp-content\/uploads\/2025\/11\/pagos-de-hibera-catedral-del-vi-logo-2.svg","caption":"Catedral del Vi - Pagos de H\u00edbera"},"image":{"@id":"https:\/\/catedraldelvi.com\/reserves\/#\/schema\/logo\/image\/"}}]}},"_links":{"self":[{"href":"https:\/\/catedraldelvi.com\/reserves\/wp-json\/wp\/v2\/product\/77","targetHints":{"allow":["GET"]}}],"collection":[{"href":"https:\/\/catedraldelvi.com\/reserves\/wp-json\/wp\/v2\/product"}],"about":[{"href":"https:\/\/catedraldelvi.com\/reserves\/wp-json\/wp\/v2\/types\/product"}],"version-history":[{"count":9,"href":"https:\/\/catedraldelvi.com\/reserves\/wp-json\/wp\/v2\/product\/77\/revisions"}],"predecessor-version":[{"id":16704,"href":"https:\/\/catedraldelvi.com\/reserves\/wp-json\/wp\/v2\/product\/77\/revisions\/16704"}],"wp:featuredmedia":[{"embeddable":true,"href":"https:\/\/catedraldelvi.com\/reserves\/wp-json\/wp\/v2\/media\/79"}],"wp:attachment":[{"href":"https:\/\/catedraldelvi.com\/reserves\/wp-json\/wp\/v2\/media?parent=77"}],"wp:term":[{"taxonomy":"product_brand","embeddable":true,"href":"https:\/\/catedraldelvi.com\/reserves\/wp-json\/wp\/v2\/product_brand?post=77"},{"taxonomy":"product_cat","embeddable":true,"href":"https:\/\/catedraldelvi.com\/reserves\/wp-json\/wp\/v2\/product_cat?post=77"},{"taxonomy":"product_tag","embeddable":true,"href":"https:\/\/catedraldelvi.com\/reserves\/wp-json\/wp\/v2\/product_tag?post=77"}],"curies":[{"name":"wp","href":"https:\/\/api.w.org\/{rel}","templated":true}]}}

<p><strong>Informació</strong></p>
<p>Visita guiada bàsica</p>
<ul>
<li>Tast de dos vins i un oli</li>
<li>Duració: 30 min</li>
</ul>
<p>&nbsp;</p>
<p></br></br></br></br></br></p>
<p><strong>****Si has triat Deluxe, la teva visita inclou:</strong></p>
<ul>
<li>Tast de quatre vins, un oli i un aperitiu</li>
<li>Duració: 45 min</li>
</ul>

<!-- This site is optimized with the Yoast SEO plugin v27.3 - https://yoast.com/product/yoast-seo-wordpress/ -->
<title>Visites lliures - Catedral del Vi - Pagos de Híbera</title>
<meta name="robots" content="index, follow, max-snippet:-1, max-image-preview:large, max-video-preview:-1" />
<link rel="canonical" href="https://catedraldelvi.com/reserves/reserva/visites-lliures/" />
<meta property="og:locale" content="ca_ES" />
<meta property="og:type" content="article" />
<meta property="og:title" content="Visites lliures - Catedral del Vi - Pagos de Híbera" />
<meta property="og:description" content="Informació  Visita guiada bàsica   Tast de dos vins i un oli  Duració: 30 min  &nbsp;    ****Si has triat Deluxe, la teva visita inclou:   Tast de quatre vins, un oli i un aperitiu  Duració: 45 min" />
<meta property="og:url" content="https://catedraldelvi.com/reserves/reserva/visites-lliures/" />
<meta property="og:site_name" content="Catedral del Vi - Pagos de Híbera" />
<meta property="article:modified_time" content="2026-04-05T09:36:35+00:00" />
<meta name="twitter:card" content="summary_large_image" />
<meta name="twitter:label1" content="Temps estimat de lectura" />
	<meta name="twitter:data1" content="1 minut" />
<script type="application/ld+json" class="yoast-schema-graph">{"@context":"https:\/\/schema.org","@graph":[{"@type":"WebPage","@id":"https:\/\/catedraldelvi.com\/reserves\/reserva\/visites-lliures\/","url":"https:\/\/catedraldelvi.com\/reserves\/reserva\/visites-lliures\/","name":"Visites lliures - Catedral del Vi - Pagos de Híbera","isPartOf":{"@id":"https:\/\/catedraldelvi.com\/reserves\/#website"},"primaryImageOfPage":{"@id":"https:\/\/catedraldelvi.com\/reserves\/reserva\/visites-lliures\/#primaryimage"},"image":{"@id":"https:\/\/catedraldelvi.com\/reserves\/reserva\/visites-lliures\/#primaryimage"},"thumbnailUrl":"https:\/\/catedraldelvi.com\/reserves\/wp-content\/uploads\/2021\/03\/catedral-del-vi-visita-lliure.svg","datePublished":"2021-03-15T11:19:51+00:00","dateModified":"2026-04-05T09:36:35+00:00","breadcrumb":{"@id":"https:\/\/catedraldelvi.com\/reserves\/reserva\/visites-lliures\/#breadcrumb"},"inLanguage":"ca","potentialAction":[{"@type":"ReadAction","target":["https:\/\/catedraldelvi.com\/reserves\/reserva\/visites-lliures\/"]}]},{"@type":"ImageObject","inLanguage":"ca","@id":"https:\/\/catedraldelvi.com\/reserves\/reserva\/visites-lliures\/#primaryimage","url":"https:\/\/catedraldelvi.com\/reserves\/wp-content\/uploads\/2021\/03\/catedral-del-vi-visita-lliure.svg","contentUrl":"https:\/\/catedraldelvi.com\/reserves\/wp-content\/uploads\/2021\/03\/catedral-del-vi-visita-lliure.svg","width":196,"height":197},{"@type":"BreadcrumbList","@id":"https:\/\/catedraldelvi.com\/reserves\/reserva\/visites-lliures\/#breadcrumb","itemListElement":[{"@type":"ListItem","position":1,"name":"Portada","item":"https:\/\/catedraldelvi.com\/reserves\/"},{"@type":"ListItem","position":2,"name":"Botiga","item":"https:\/\/catedraldelvi.com\/reserves\/botiga\/"},{"@type":"ListItem","position":3,"name":"Visites lliures"}]},{"@type":"WebSite","@id":"https:\/\/catedraldelvi.com\/reserves\/#website","url":"https:\/\/catedraldelvi.com\/reserves\/","name":"Catedral del Vi - Pagos de Híbera","description":"Catedral del Vi - Pagos de Híbera is the modernist winery of Villa Retiro Grup","publisher":{"@id":"https:\/\/catedraldelvi.com\/reserves\/#organization"},"potentialAction":[{"@type":"SearchAction","target":{"@type":"EntryPoint","urlTemplate":"https:\/\/catedraldelvi.com\/reserves\/?s={search_term_string}"},"query-input":{"@type":"PropertyValueSpecification","valueRequired":true,"valueName":"search_term_string"}}],"inLanguage":"ca"},{"@type":"Organization","@id":"https:\/\/catedraldelvi.com\/reserves\/#organization","name":"Catedral del Vi - Pagos de Híbera","url":"https:\/\/catedraldelvi.com\/reserves\/","logo":{"@type":"ImageObject","inLanguage":"ca","@id":"https:\/\/catedraldelvi.com\/reserves\/#\/schema\/logo\/image\/","url":"https:\/\/catedraldelvi.com\/reserves\/wp-content\/uploads\/2025\/11\/pagos-de-hibera-catedral-del-vi-logo-2.svg","contentUrl":"https:\/\/catedraldelvi.com\/reserves\/wp-content\/uploads\/2025\/11\/pagos-de-hibera-catedral-del-vi-logo-2.svg","caption":"Catedral del Vi - Pagos de Híbera"},"image":{"@id":"https:\/\/catedraldelvi.com\/reserves\/#\/schema\/logo\/image\/"}}]}</script>
<!-- / Yoast SEO plugin. -->

Visites lliures - Catedral del Vi - Pagos de Híbera

Informació  Visita guiada bàsica   Tast de dos vins i un oli  Duració: 30 min  &nbsp;    ****Si has triat Deluxe, la teva visita inclou:   Tast de quatre vins, un oli i un aperitiu  Duració: 45 min

Catedral del Vi - Pagos de Híbera

Catedral del Vi - Pagos de Híbera is the modernist winery of Villa Retiro Grup
